{"id":38,"date":"2019-12-13T08:21:48","date_gmt":"2019-12-13T08:21:48","guid":{"rendered":"https:\/\/esh-leipzig.de\/?page_id=38"},"modified":"2025-12-10T13:04:04","modified_gmt":"2025-12-10T13:04:04","slug":"verein","status":"publish","type":"page","link":"https:\/\/esh-leipzig.de\/?page_id=38","title":{"rendered":"Verein"},"content":{"rendered":"\n<div class=\"wp-block-cover\"><img loading=\"lazy\" decoding=\"async\" width=\"2560\" height=\"1700\" class=\"wp-block-cover__image-background wp-image-279\" alt=\"\" src=\"https:\/\/esh-leipzig.de\/wp-content\/uploads\/2020\/05\/DSC_0009-1-scaled.jpg\" data-object-fit=\"cover\" srcset=\"https:\/\/esh-leipzig.de\/wp-content\/uploads\/2020\/05\/DSC_0009-1-scaled.jpg 2560w, https:\/\/esh-leipzig.de\/wp-content\/uploads\/2020\/05\/DSC_0009-1-300x199.jpg 300w, https:\/\/esh-leipzig.de\/wp-content\/uploads\/2020\/05\/DSC_0009-1-700x465.jpg 700w, https:\/\/esh-leipzig.de\/wp-content\/uploads\/2020\/05\/DSC_0009-1-768x510.jpg 768w, https:\/\/esh-leipzig.de\/wp-content\/uploads\/2020\/05\/DSC_0009-1-1536x1020.jpg 1536w, https:\/\/esh-leipzig.de\/wp-content\/uploads\/2020\/05\/DSC_0009-1-2048x1360.jpg 2048w, https:\/\/esh-leipzig.de\/wp-content\/uploads\/2020\/05\/DSC_0009-1-800x531.jpg 800w\" sizes=\"auto, (max-width: 2560px) 100vw, 2560px\" \/><span aria-hidden=\"true\" class=\"wp-block-cover__background has-background-dim\"><\/span><div class=\"wp-block-cover__inner-container is-layout-flow wp-block-cover-is-layout-flow\">\n<h2 class=\"wp-block-heading has-text-align-center\">Verein<\/h2>\n<\/div><\/div>\n\n\n\n<h3 class=\"wp-block-heading\">N\u00e4chste Treffen im Verein:<\/h3>\n\n\n\n<p>N\u00e4chste Vorstandssitzung:<br>am 27. Oktober 2025 um 15 Uhr<br><br>N\u00e4chste Mitgliederversammlung:<br>am 27. Oktober 2025 um 18 Uhr<\/p>\n\n\n\n<h3 class=\"wp-block-heading\">Dokumente<\/h3>\n\n\n\n<p>Satzung des Vereins:\u00a0 <a href=\"https:\/\/esh-leipzig.de\/wp-content\/uploads\/2025\/12\/Satzung-ESH-Leipzig-2024-11-04-1.pdf\" target=\"_blank\" rel=\"noreferrer noopener\">Evangelisches Studienhaus Leipzig e.V.<\/a><br>Beitragssatzung:\u00a0\u00a0<a href=\"http:\/\/ev-studienhaus-leipzig.de\/dokumente\/Beitragssatzung.pdf\" target=\"_blank\" rel=\"noreferrer noopener\">Beitragssatzung<\/a><br>Aufnahmeantrag:\u00a0\u00a0<a href=\"http:\/\/ev-studienhaus-leipzig.de\/dokumente\/Aufnahmeantrag.01.pdf\" target=\"_blank\" rel=\"noreferrer noopener\">Aufnahmeantrag<\/a><br>Von den Bewohnern selbst gegebene <a href=\"https:\/\/esh-leipzig.de\/wp-content\/uploads\/2025\/12\/Satzung.pdf\" target=\"_blank\" rel=\"noreferrer noopener\">Studienhausordnung<\/a><\/p>\n\n\n\n<p>Wir freuen uns \u00fcber neue Mitglieder im Verein und Spenden f\u00fcr die Arbeit mit den Studierenden.<\/p>\n\n\n\n<h3 class=\"wp-block-heading\">Spendenkonto des Vereins<\/h3>\n\n\n\n<p>Sparkasse Leipzig<br>BIC: WELADE8LXXX<br>IBAN: DE77 8605 5592 1190 1079 25<br>Beitragskonto siehe <a href=\"http:\/\/ev-studienhaus-leipzig.de\/dokumente\/Beitragssatzung.pdf\" target=\"_blank\" rel=\"noreferrer noopener\">Beitragssatzung<\/a><\/p>\n\n\n\n<h3 class=\"wp-block-heading\">Abschiedsrede des langj\u00e4hrigen Vorstandsvorsitzenden des Tr\u00e4gervereins, Prof. Dr. Peter Zimmerling<\/h3>\n\n\n\n<div class=\"wp-block-file\"><a id=\"wp-block-file--media-b6ae41a8-c9b8-43d0-b1ed-60a6508ad5ea\" href=\"https:\/\/esh-leipzig.de\/wp-content\/uploads\/2022\/12\/Geist-und-Geld.-Erkenntnisse-eines-scheidenden-Vorsitzenden856.pdf\" target=\"_blank\" rel=\"noreferrer noopener\">Prof. Dr. Peter Zimmerling: Geist und Geld &#8211; Erkenntnisse eines scheidenden Vorsitzenden <\/a><a href=\"https:\/\/esh-leipzig.de\/wp-content\/uploads\/2022\/12\/Geist-und-Geld.-Erkenntnisse-eines-scheidenden-Vorsitzenden856.pdf\" class=\"wp-block-file__button wp-element-button\" download aria-describedby=\"wp-block-file--media-b6ae41a8-c9b8-43d0-b1ed-60a6508ad5ea\">Herunterladen<\/a><\/div>\n","protected":false},"excerpt":{"rendered":"<p>N\u00e4chste Treffen im Verein: N\u00e4chste Vorstandssitzung:am 27. Oktober 2025 um 15 Uhr N\u00e4chste Mitgliederversammlung:am 27. Oktober 2025 um 18 Uhr Dokumente Satzung des Vereins:\u00a0 Evangelisches Studienhaus Leipzig e.V.Beitragssatzung:\u00a0\u00a0BeitragssatzungAufnahmeantrag:\u00a0\u00a0AufnahmeantragVon den Bewohnern selbst gegebene Studienhausordnung Wir freuen uns \u00fcber neue Mitglieder im Verein und Spenden f\u00fcr die Arbeit mit den Studierenden. Spendenkonto des Vereins Sparkasse LeipzigBIC: WELADE8LXXXIBAN:&#8230;<\/p>\n","protected":false},"author":1,"featured_media":0,"parent":0,"menu_order":0,"comment_status":"closed","ping_status":"closed","template":"","meta":{"footnotes":""},"class_list":["post-38","page","type-page","status-publish","hentry"],"_links":{"self":[{"href":"https:\/\/esh-leipzig.de\/index.php?rest_route=\/wp\/v2\/pages\/38","targetHints":{"allow":["GET"]}}],"collection":[{"href":"https:\/\/esh-leipzig.de\/index.php?rest_route=\/wp\/v2\/pages"}],"about":[{"href":"https:\/\/esh-leipzig.de\/index.php?rest_route=\/wp\/v2\/types\/page"}],"author":[{"embeddable":true,"href":"https:\/\/esh-leipzig.de\/index.php?rest_route=\/wp\/v2\/users\/1"}],"replies":[{"embeddable":true,"href":"https:\/\/esh-leipzig.de\/index.php?rest_route=%2Fwp%2Fv2%2Fcomments&post=38"}],"version-history":[{"count":27,"href":"https:\/\/esh-leipzig.de\/index.php?rest_route=\/wp\/v2\/pages\/38\/revisions"}],"predecessor-version":[{"id":997,"href":"https:\/\/esh-leipzig.de\/index.php?rest_route=\/wp\/v2\/pages\/38\/revisions\/997"}],"wp:attachment":[{"href":"https:\/\/esh-leipzig.de\/index.php?rest_route=%2Fwp%2Fv2%2Fmedia&parent=38"}],"curies":[{"name":"wp","href":"https:\/\/api.w.org\/{rel}","templated":true}]}}